-y, -h = -5*y - 2*j. What are the prime factors of (6/2)/(y/27)?
3
Suppose -3*v + 298 = 5*b - 747, 4*v = -b + 1365. List the prime factors of v.
2, 5, 17
Let v(l) = -3 - 57*l - 3*l**2 + 10*l**2 + 61*l. List the prime factors of v(-3).
2, 3
Suppose -s = -2*s + 5*q + 462, 4*s + q - 1890 = 0. Let h = s - 282. List the prime factors of h.
2, 5, 19
Suppose -4*d = -5*d - 5*x + 8, 0 = 3*d - 4*x - 62. Suppose 2*n - d = 4*r + 14, 0 = 3*n + r - 27. List the prime factors of n.
2, 5
Let z = 11 - 60. Suppose 0 = -3*x - 9 + 258. Let u = x + z. What are the prime factors of u?
2, 17
Suppose 2*k - 643 = 215. List the prime factors of k.
3, 11, 13
Suppose m - 1935 = -4*g, -23*g + m = -20*g - 1453. List the prime factors of g.
2, 11
Let j(u) = -74*u - 75. Let h be j(6). Let n = -303 - h. List the prime factors of n.
2, 3
Let t = -233 + 161. Let g = t + 107. What are the prime factors of g?
5, 7
Suppose 2*r - 13 = -3. List the prime factors of 182 + (-2)/((-2)/r).
11, 17
Suppose 0 = -2*m - 2*q + 28, -m + 2*m - 22 = -3*q. Suppose -5 + m = o. Suppose 48 = 7*a - o*a. What are the prime factors of a?
2, 3
Suppose -5*j - 10*j = -75. List the prime factors of j.
5
Let i(f) = 23*f - 2. Let v be i(-2). List the prime factors of ((-3)/9)/(2/v).
2
What are the prime factors of 3/2*(-35172)/(-27)?
2, 977
What are the prime factors of 47*(6 - (-16 + 11))?
11, 47
Suppose -6*r = -13*r + 6440. List the prime factors of r.
2, 5, 23
Suppose -3*x - 2*x - 235 = 0. Let z = 79 + x. List the prime factors of z.
2
Suppose -8*d - 108 = -12*d. Let b = -8 + d. What are the prime factors of b?
19
Suppose 1 = -h + 2*i, 4*h - 2*i = -5*i + 18. Let y be -8 + (-93)/(-12) - (-794)/8. Suppose h*z = y + 15. What are the prime factors of z?
2, 19
Let w(l) = -l**2 + 7*l + 8. Let n be w(8). Suppose -5*q + 15 = -n*q. Suppose -j + 9 = 3*h, q*j - 8 = 3*h + 79. What are the prime factors of j?
2, 3
Suppose 37 = -2*t - g + 140, g = 3*t - 147. List the prime factors of t.
2, 5
Let r = 5 + -1. Suppose 3*f = -f - r, 3*u - 612 = 3*f. What are the prime factors of u?
7, 29
Suppose 2*d + g - 3*g = 28, 2*g - 8 = 0. Suppose 4*w + w - 10 = 5*j, -3*w = 3*j + d. Let o = 13 + j. What are the prime factors of o?
3
Let b = 292 + 454. What are the prime factors of b?
2, 373
Suppose 3*u - 8 = 13. Let o(a) = a**2 + 2*a - 10 - u*a - 6*a. List the prime factors of o(12).
2
Let d = 6517 - 3686. List the prime factors of d.
19, 149
Let t = 242 - 126. List the prime factors of t.
2, 29
Suppose 3*o = 5*d + 37, 2*o = 4*d + 15 + 7. Let c = o - 15. List the prime factors of 2/c + (-15)/(-6).
3
Let a be 2/(-6) - (-143)/33. Suppose 20 = -a*c + 5*c. List the prime factors of ((-12)/c - 4)*-5.
23
Suppose -4*j + 0*j + l - 8 = 0, -8 = 4*j - 5*l. What are the prime factors of -2 + (-1 - (-33 + 5 + j))?
3
Suppose -3*r = s - 459, -2347 = 4*s - 9*s - 2*r. List the prime factors of s.
3, 157
Suppose -1640 = -7*k + 3*k. Suppose 5*u = 5*j - k, -j - u = -0*u - 86. Suppose r + 2*r - j = -3*z, 4*z = 3*r - 105. List the prime factors of r.
31
Let g(k) = -2*k - 1 + 4*k**2 + 6*k + 1. Let j be g(3). Suppose 0*a = 4*a - j. List the prime factors of a.
2, 3
Let o(x) = 72*x - 1036. What are the prime factors of o(54)?
2, 23, 31
What are the prime factors of (0 - -454) + 12 + -14?
2, 113
Let s be 29 - (4 + -3 + -3). Let k = s - 20. Let j = 25 - k. What are the prime factors of j?
2, 7
Let n = 9 - 4. Suppose 0*o + 10 = n*o. Suppose -o*s + 4 = -22. What are the prime factors of s?
13
Let z(c) = 10*c**2 - 30*c + 3. List the prime factors of z(-6).
3, 181
List the prime factors of 6 + 308/(-49) + 4972/7.
2, 5, 71
Let c be 0/1*((-28)/12)/(-7). Suppose -4*d - 146 = -4*s + 282, c = 4*s + 2*d - 416. List the prime factors of s.
3, 5, 7
Suppose 0 = 3*y + 4*f - 163, 0 = -4*y - 2*f + 6*f + 180. Suppose 2*j - 23 - y = 0. List the prime factors of j.
2, 3
Suppose 2 = -2*j - 2. Suppose -30 = 2*t - 8*t. Let f = t - j. What are the prime factors of f?
7
Suppose -930 = -32*l + 26*l. List the prime factors of l.
5, 31
Suppose 37*q - 19133 = 33851. What are the prime factors of q?
2, 179
Let t = -13 - -22. Suppose 0 = -y + 3 - t. Let j = 4 - y. List the prime factors of j.
2, 5
Suppose 5*l = -4*v - 70, -3*v + 8*l - 35 = 3*l. What are the prime factors of (-2 - 36/v) + 1734/15?
2, 29
Suppose 38*v = 62*v - 97536. List the prime factors of v.
2, 127
Let y(a) = -116*a + 335. List the prime factors of y(-9).
7, 197
Suppose 0 = 2*x + x, -4*d - 4*x = -10372. What are the prime factors of d?
2593
Let a = 5 + -3. Suppose 4*j = a*j + 10, -d = 2*j - 14. Let n(h) = h**2 + 2*h - 4. List the prime factors of n(d).
2, 5
What are the prime factors of (-2)/16 + 5212/64*62?
3, 11, 17
Let a = 3 + -7. Let o be ((-25)/a)/(5/(-20)). Let v = -15 - o. List the prime factors of v.
2, 5
Let d = -19 + 11. List the prime factors of 2/(d/(-4) - 1).
2
Let h = -4 + 9. Suppose 5*u = s + 24, 0*u + 2*u - 5*s - 5 = 0. Suppose -10 = u*z + 15, 160 = 5*x - h*z. List the prime factors of x.
3
Let j(v) = 83*v + 53. What are the prime factors of j(5)?
2, 3, 13
Suppose 21*d + 20*d = 31857. List the prime factors of d.
3, 7, 37
Let s = -72 - -49. Let h = s + -15. What are the prime factors of ((-10)/(-5))/((-4)/h)?
19
List the prime factors of 12/18*3300/8.
5, 11
Suppose -29 = -3*g + 1. Suppose -f + 4*f + 14 = 4*y, 4*y = f + g. Suppose y*w - 124 = -5*l, 2*w - 62 = w - 4*l. List the prime factors of w.
2, 31
Let g(w) = -4*w**3 - w. Let m be g(-1). Suppose m*t - 2*q = 156, 0 = -0*t + 3*t + 2*q - 100. Suppose -b = -t - 36. What are the prime factors of b?
2, 17
Let g be ((-9)/(-6))/(2/4). Suppose -3*w = w + 2*c - 14, g*w - 3 = -4*c. List the prime factors of w.
5
Let v = 329 + -183. List the prime factors of v.
2, 73
Let l be (-903)/12 - 18/24. Let n be (0 + -10)/((-1)/(-4)). Let g = n - l. What are the prime factors of g?
2, 3
Let w(z) = -z**3 + 18*z**2 - 19*z + 20. Let b be w(17). Let t be 21/(-49) - 76/b. Suppose -t*c + 234 = 2*k, -2*k + 2 = -k. What are the prime factors of c?
2, 23
Let y = 16 + -27. Let v = 10 + y. List the prime factors of (2 + v)*11 - -2.
13
Let v(c) = 9 - 6 + 38*c**2 + 1 - 3. Suppose -5*x = -0*x - 5. List the prime factors of v(x).
3, 13
Suppose -g - p + 2*p + 26 = 0, 2*p + 8 = 0. Let n = 11 - g. Let c(x) = -6*x - 27. List the prime factors of c(n).
3, 13
Let a(c) = -5*c**3 + 5*c**2 + 5*c + 10. What are the prime factors of a(-6)?
2, 5, 31
Let w = 8 - 8. Suppose k + 5*n = 50, w = 7*k - 3*k + 2*n - 290. List the prime factors of (-2)/(k/(-18) + 4).
2, 3
Suppose 2*a - 39 = w + 16, 5*w = -5*a + 175. Let y = -5 + a. What are the prime factors of y?
5
Suppose 20*n - 42 = 18. Suppose 2*o - 2*u = -2*o + 30, -u = 2*o - 5. Suppose -4*y = -o*t - 255, -y - n*y + 4*t + 256 = 0. List the prime factors of y.
5, 13
Let r(f) = -3*f**3 - 3*f**2 + 3*f - 6. Let i be r(3). Let n = i + 233. List the prime factors of n.
2
Let k = -130 + 707. What are the prime factors of k?
577
Let h = 149 + -130. Let l be -2 - (-3)/(6/68). Let c = l - h. What are the prime factors of c?
13
What are the prime factors of 3/9*(1976 - 23)?
3, 7, 31
Let n = 1021 - 958. List the prime factors of n.
3, 7
Let f be 8 + -1*(-1 - -4). Let h(v) = -f - v + 2 + 8. List the prime factors of h(0).
5
Let g(i) be the first derivative of 13*i**2/2 - 11*i - 5. What are the prime factors of g(5)?
2, 3
Let r(s) = s**3 - 57*s**2 - 56*s + 313. What are the prime factors of r(58)?
3, 11, 13
Let x(l) = -2*l**2 - 4*l + 9. Let p be x(7). Let b = p - -177. What are the prime factors of b?
2, 3, 5
Let c(l) = 2*l**3 - 12*l**2 + 5*l + 65. List the prime factors of c(7).
2, 3, 11
Let f = -267 - -745. What are the prime factors of f?
2, 239
Let p = 9 - 12. Let i = p - -33. List the prime factors of i.
2, 3, 5
Let w(u) be the second derivative of -u**3/2 - 9*u**2/2 + 15*u. What are the prime factors of w(-8)?
3, 5
Let n(f) = -6*f**2 - 5*f + 4. Let z be n(1). Let r(m) = -2*m**2 - 17*m - 2. List the prime factors of r(z).
19
Let x(b) be the second derivative of b**5/60 - b**4/3 - b**3 - 3*b**2 - 13*b. Let r(z) be the first derivative of x(z). List the prime factors of r(-6).
2, 3, 13
List the prime factors of 2434/3 - 65/(-39).
3, 271
Suppose 19*p - 63196 = -19040. List the prime factors of p.
2, 7, 83
Let o(z) = -14*z - 6. Let n(d) = -d**2 + 2*d + 3. Let s be